{"id":163,"date":"2023-08-25T18:38:46","date_gmt":"2023-08-25T18:38:46","guid":{"rendered":"https:\/\/boatpartyctg.com\/?post_type=product&#038;p=163"},"modified":"2023-10-31T14:53:21","modified_gmt":"2023-10-31T14:53:21","slug":"underwater-exploration","status":"publish","type":"product","link":"https:\/\/boatpartyctg.com\/index.php\/product\/underwater-exploration\/","title":{"rendered":"Underwater Exploration"},"content":{"rendered":"<p>\u00bfTe gustar\u00eda sumergirte en las profundidades del mar Caribe y descubrir un mundo submarino lleno de maravillas y emociones?\u00a0 Underwater Exploration de Boat Party Cartagena te ofrece la oportunidad \u00fanica de explorar los arrecifes de coral, admirar la diversidad de especies marinas y sumergirte en la magia de las aguas cristalinas en las islas de Cartagena.<\/p>\n<p>El buceo es una actividad que te permite respirar bajo el agua y observar la vida marina en su h\u00e1bitat natural. Es una forma emocionante y segura de disfrutar del mar, la naturaleza y la aventura. Sin necesidad de tener experiencia previa con Underwater Exploration\u00a0 y nuestros instructores certificados, te guiar\u00e1n, asegur\u00e1ndose de que te sientas seguro y disfrutes al m\u00e1ximo de cada inmersi\u00f3n.<\/p>\n<p>Con Underwater Exploration podr\u00e1s bucear en sitios seleccionados con arrecifes de coral y vida marina diversa, que forman parte del Parque Nacional Natural Corales del Rosario. Te proporcionaremos el equipo completo de buceo, incluyendo regulador, aletas, m\u00e1scara y chaleco de flotabilidad, de alta calidad y seguridad. Te daremos una breve instrucci\u00f3n te\u00f3rica y pr\u00e1ctica antes de cada inmersi\u00f3n, donde aprender\u00e1s los conceptos b\u00e1sicos del buceo, las se\u00f1ales de comunicaci\u00f3n y las normas de seguridad.<\/p>\n<p>Te trasladaremos en una embarcaci\u00f3n segura y equipada para el transporte y la inmersi\u00f3n. Realizar\u00e1s dos inmersiones de 30 minutos cada una, con un tiempo de superficie para descansar, disfrutar de refrigerios y compartir experiencias. Con Underwater Exploration podr\u00e1s admirar la belleza y el colorido de los corales, los peces tropicales, las tortugas, las rayas y otros animales marinos. Tambi\u00e9n podr\u00e1s visitar algunos naufragios hist\u00f3ricos que se encuentran en el fondo del mar. Podr\u00e1s contratar fotograf\u00edas y videos opcionales para capturar tus momentos emocionantes.<\/p>\n<p>Nuestra experiencia Underwater Exploration tiene una duraci\u00f3n aproximada de medio d\u00eda (5 horas), que cuenta con el tiempo de llegada al primer puntos de inmersi\u00f3n,\u00a0 instrucci\u00f3n, preparaci\u00f3n, traslado, otra inmersi\u00f3n y regreso a la ciudad. El servicio incluye:<\/p>\n<ul>\n<li>Transporte terrestre desde y hacia tu hotel<\/li>\n<li>Instructores certificados con amplia experiencia en buceo<\/li>\n<li>Equipo completo de buceo de alta calidad ( regulador, aletas, m\u00e1scara, chaleco de flotabilidad)<\/li>\n<li>Breve instrucci\u00f3n te\u00f3rica y pr\u00e1ctica antes de cada inmersi\u00f3n<\/li>\n<li>Embarcaci\u00f3n segura y equipada para el transporte y la inmersi\u00f3n<\/li>\n<li>Inmersiones en sitios seleccionados con arrecifes de coral y vida marina diversa<\/li>\n<li>Tiempo de superficie para descansar, disfrutar de refrigerios y compartir experiencias<\/li>\n<li>Fotograf\u00edas y videos opcionales para capturar tus momentos emocionantes<\/li>\n<\/ul>\n<p>Algunos requisitos para realizar esta experiencia son:<\/p>\n<ul>\n<li>Edad m\u00ednima: 10 a\u00f1os (los menores de edad deben contar con el consentimiento de los padres o tutores legales)<\/li>\n<li>Certificaci\u00f3n de buceo (para buceadores certificados)<\/li>\n<li>Formulario de salud y exenci\u00f3n de responsabilidad completados<\/li>\n<li>Buen estado de salud y condici\u00f3n f\u00edsica<\/li>\n<\/ul>\n<p>Algunos consejos para viajeros para esta experiencia son:<\/p>\n<ul>\n<li>Lleva ropa c\u00f3moda y ligera, preferiblemente de algod\u00f3n o lino, que te proteja del sol y el calor<\/li>\n<li>Usa protector solar, sombrero, gafas de sol y repelente de insectos<\/li>\n<li>Hidr\u00e1tate constantemente con agua o bebidas isot\u00f3nicas<\/li>\n<li>Respeta las normas de seguridad y las indicaciones de los instructores<\/li>\n<li>No alimentes ni molestes a los animales que veas en el mar<\/li>\n<li>Disfruta del buceo sin dejar huella ni basura<\/li>\n<\/ul>\n<p>\u00a1Sum\u00e9rgete en una aventura de buceo inolvidable en Cartagena con Boat Party Cartagena! Descubre la belleza oculta del mar Caribe mientras exploras sus aguas cristalinas y coloridos arrecifes de coral. Vive una experiencia \u00fanica y emocionante que te har\u00e1 sentir la magia del mundo submarino. \u00a1Reserva tu servicio Underwater Exploration hoy mismo!<\/p>\n","protected":false},"excerpt":{"rendered":"<p><span data-contrast=\"none\">Nuestra experiencia Underwater Exploration te ofrece la oportunidad de explorar <\/span>la belleza oculta del mar Caribe, Reserva ahora con Boat Party Cartagena<\/p>\n","protected":false},"featured_media":193,"comment_status":"open","ping_status":"closed","template":"","meta":{"_monsterinsights_skip_tracking":false,"_monsterinsights_sitenote_active":false,"_monsterinsights_sitenote_note":"","_monsterinsights_sitenote_category":0,"_joinchat":[]},"product_brand":[],"product_cat":[18,29],"product_tag":[],"class_list":{"0":"post-163","1":"product","2":"type-product","3":"status-publish","4":"has-post-thumbnail","6":"product_cat-experiencias","7":"product_cat-al-maximo","9":"first","10":"instock","11":"taxable","12":"shipping-taxable","13":"purchasable","14":"product-type-simple"},"aioseo_notices":[],"jetpack_sharing_enabled":true,"_links":{"self":[{"href":"https:\/\/boatpartyctg.com\/index.php\/wp-json\/wp\/v2\/product\/163","targetHints":{"allow":["GET"]}}],"collection":[{"href":"https:\/\/boatpartyctg.com\/index.php\/wp-json\/wp\/v2\/product"}],"about":[{"href":"https:\/\/boatpartyctg.com\/index.php\/wp-json\/wp\/v2\/types\/product"}],"replies":[{"embeddable":true,"href":"https:\/\/boatpartyctg.com\/index.php\/wp-json\/wp\/v2\/comments?post=163"}],"wp:featuredmedia":[{"embeddable":true,"href":"https:\/\/boatpartyctg.com\/index.php\/wp-json\/wp\/v2\/media\/193"}],"wp:attachment":[{"href":"https:\/\/boatpartyctg.com\/index.php\/wp-json\/wp\/v2\/media?parent=163"}],"wp:term":[{"taxonomy":"product_brand","embeddable":true,"href":"https:\/\/boatpartyctg.com\/index.php\/wp-json\/wp\/v2\/product_brand?post=163"},{"taxonomy":"product_cat","embeddable":true,"href":"https:\/\/boatpartyctg.com\/index.php\/wp-json\/wp\/v2\/product_cat?post=163"},{"taxonomy":"product_tag","embeddable":true,"href":"https:\/\/boatpartyctg.com\/index.php\/wp-json\/wp\/v2\/product_tag?post=163"}],"curies":[{"name":"wp","href":"https:\/\/api.w.org\/{rel}","templated":true}]}}